 digit of r?
1
Let r(w) = 7*w - 2. Let f(i) = 28*i - 24. Let v(j) = -f(j) + 5*r(j). Suppose -35 - 30 = -5*y. What is the units digit of v(y)?
5
Let j(o) = -o**2 - 3*o**2 + 0 + 6*o**2 + 4 + 6*o. Let d be j(-3). Suppose -2*c - 5*a = -159, -5*c + d*a + 444 = a. What is the units digit of c?
7
Let c(h) = -18*h + 39. Let k = -40 - -31. What is the tens digit of c(k)?
0
Let j(q) = 8*q**3 - 7*q**2 + 3*q - 15. Let o(r) = -2*r**2 + 33*r - 11. Let x be o(16). What is the units digit of j(x)?
5
Let z = -49623 - -91726. What is the tens digit of z?
0
Let f(r) = -113*r - 3. Let i(k) = 29 + 340*k + 32 - 53. Let w(o) = -7*f(o) - 2*i(o). What is the units digit of w(2)?
7
Let o = -130 + 160. Let i be 20028/o + (-2)/(-5). Suppose -4*l + i = -116. What is the hundreds digit of l?
1
Let j = 2446 - 1668. Suppose 3*q = 5*i - j, i - 774 = -4*i + 4*q. What is the tens digit of i?
5
Let y = -2369 + 17525. What is the units digit of y?
6
Let u be 377/15 + (-6)/45. Let p = u + -5. Let f = p + -2. What is the tens digit of f?
1
Suppose -34 = -6*z + 32. Suppose -z*w + 4004 = 2*w. What is the tens digit of w?
0
Let v = 28121 + -14292. What is the ten thousands digit of v?
1
Let k(p) = -11 - 69*p + p**3 + 7*p**2 - 29*p**2 + 117*p + 40. What is the units digit of k(21)?
6
Let w(i) = 121*i + 3. Let f be w(8). Suppose 4*b - 4*s - 1796 = 0, -377 = -3*b + 2*s + f. What is the units digit of b?
0
Suppose 0 = -75*h - 80*h + 158*h - 32502. What is the thousands digit of h?
0
Let y be ((-9)/(-12))/(1*3/12). Suppose 3*f = -3, -f - y = -3*k - 2. Suppose -4*z = 4*t - 228, t + 108 = 2*z - k*t. What is the units digit of z?
5
Suppose 9*r + 7408 = 523. Let n be (r/30)/(1/4). What is the units digit of (-16)/(-104) - 5/(65/n)?
8
Let t(y) = -1931*y + 3041. What is the ten thousands digit of t(-7)?
1
Suppose -4*c = 4, 5*l - c = -2*c + 3404. Let k = 717 - l. What is the tens digit of k?
3
Suppose 2*s - 999*f = -998*f + 96631, 144933 = 3*s + 3*f. What is the ten thousands digit of s?
4
Let m be 24/56 + (-2 - (-222)/21). Let d be 3/(-18)*2*m. What is the units digit of d/24 + 489/8?
1
Let d = -9 + -106. Let v = d + 632. What is the units digit of v?
7
Let n be -23*16/(-8)*10/(-4). Let x = -89 - n. Suppose -t - 1 = -x. What is the tens digit of t?
2
Let a(p) = 12*p**2 - 103*p - 77. What is the thousands digit of a(-17)?
5
Let j = 31 - 28. Suppose -h + 0*c - j*c = -121, -h + 101 = -c. Let p = h + -62. What is the units digit of p?
4
Let i be 5*((-90)/25 + 3). Let r be (i/(-6))/((-1)/178). Let v = -2 - r. What is the units digit of v?
7
Let k = -7987 + 14620. What is the units digit of k?
3
Let x = -2479 + 8173. What is the hundreds digit of x?
6
Let b be (8/(-44))/((-3)/33*1). Suppose -b*d + 656 + 252 = 0. What is the tens digit of d?
5
Let s = 10 + -18. Let q(o) = -33*o + 137. Let z be q(4). What is the tens digit of s*z/10 + 208?
0
Let j = 19471 + -16570. What is the tens digit of j?
0
Let h be 3/(-7 + 248/32). Suppose h*p - 7*i - 3641 = -10*i, -5*i - 4525 = -5*p. What is the units digit of p?
8
Let z(y) = y**2 - 18*y - 35. Let x = 35 + -15. Let b be z(x). Suppose -b*r + 84 = 19. What is the tens digit of r?
1
Suppose -8*w + 0*w - 10608 = 0. Let x = -315 - w. What is the tens digit of x?
1
Suppose 32*p - 9194 = 126438 + 20432. What is the tens digit of p?
7
Let c(z) = 122*z**2 - 1056*z - 27. What is the tens digit of c(17)?
7
Let q(y) be the second derivative of 35/2*y**2 + 0 - 21*y + 9/2*y**3. What is the tens digit of q(8)?
5
Suppose -6*u - 395 + 419 = 0. Suppose -u*z + 23 = -3*l, 0 = 2*z + 2*l - 3*l - 13. What is the units digit of z?
8
Suppose -2174 = -3*d + u, -u + 0*u = 2. Let y = -300 + d. What is the hundreds digit of y?
4
Let f(m) be the third derivative of 5*m**4/24 - 5*m**3/2 - 3*m**2. Let x = 137 - 131. What is the units digit of f(x)?
5
Let x = -62 + 1714. Let k = -792 + x. What is the hundreds digit of k?
8
Suppose 14 = -5*q - k, q - 3*q + 8 = -3*k. Let i be (15 - 10)/((-5)/q). Suppose -271 = 4*g - 6*g - 3*c, 0 = -i*g + c + 259. What is the hundreds digit of g?
1
Let s(n) = -n**3 - 7*n**2 + 30*n + 16. Suppose -5*z - 60 = -4*c, 12*z - 17*z + 5*c - 60 = 0. What is the hundreds digit of s(z)?
3
Let w = 8 - 3. Suppose -w*l + 3*t - 8 = -26, -l = 5*t + 2. Suppose -b - l*g = -61, 0*g = b - 3*g - 37. What is the units digit of b?
9
Let a = -25751 + 42835. What is the tens digit of a?
8
Let c(h) = 1652*h**2 - 29*h + 29. What is the tens digit of c(1)?
5
Let f be 15/25 - 1/(-10)*4414. Suppose 97 = -5*g + f. Suppose 3*j - 6 = g. What is the units digit of j?
5
Let y = -314 - -308. What is the hundreds digit of (-1 - (3 + y))/((-6)/(-2811))?
9
Let y(t) be the third derivative of -t**5/60 + 9*t**4/8 - 31*t**3/6 - 11*t**2. Let x be y(26). What is the units digit of (60/(-14))/(x/35)?
0
Let r be 27 + 2/((-6)/15). Let a be r/(-44) - (1281/2)/(-1). Suppose -2*i = -7*i + a. What is the tens digit of i?
2
Suppose -4*z + 962 = x + x, 720 = 3*z + x. Let m = 472 - z. Suppose m = 2*n - 31. What is the hundreds digit of n?
1
Let c = 162552 + -98472. What is the tens digit of c?
8
Suppose -m - n - n = 6, 0 = m - 2*n - 10. What is the hundreds digit of m/16*284*6?
2
Suppose 0*x + 84 = 3*x. Let h be 24/2*((-45)/(-20))/3. Let m = h + x. What is the units digit of m?
7
Let l = -2847 - -20890. What is the thousands digit of l?
8
Suppose i - 2*j = 22314, -5*i + 2*j + 111615 = j. What is the tens digit of i?
2
Let d = 83 + -73. Suppose d*y = -764 + 4344. What is the tens digit of y?
5
Let x(t) = t**3 - t**2 - 39*t - 1. Let w be x(8). Let g(y) = y**2 - y + 1. Let m be g(4). Suppose -m*z + w = -8*z. What is the tens digit of z?
2
Let n be 2/(-2) - 2 - (-10 - 19). Suppose -4*k + n = 194. Let j = 98 + k. What is the units digit of j?
6
Suppose 4*y = r + 1135, 227*r - 1141 = -4*y + 230*r. What is the hundreds digit of y?
2
Suppose 3*v = 2*j + 47714, 0*v + j = -5*v + 79519. What is the tens digit of v?
0
Suppose 22*m - 54*m - 9672 + 86472 = 0. What is the hundreds digit of m?
4
Let u be ((-2320)/(-6))/4*(-51)/(-34). Let l = 296 - u. What is the tens digit of l?
5
Let i be (-28)/(-21)*(3 + 3/(-2)). Suppose 0 = -3*o + 5 + 4. Suppose -o*f + l + 256 = 0, 2*f + i*l = -l + 156. What is the tens digit of f?
8
What is the hundreds digit of ((-9640)/(-6))/(3870/(-1620) + (-5)/(-2))?
4
Suppose -295*k + 174*k = -4230765. What is the hundreds digit of k?
9
Let s = -2 + 7. Suppose 3 - 8 = s*p, 3*p - 134 = -b. Let v = 197 - b. What is the tens digit of v?
6
Suppose -2733346 + 441951 = -136*v + 5013709. What is the hundreds digit of v?
7
Suppose -10*c = -3*c - 14. Suppose -c*o = -o + o. Suppose -b + 6 + 33 = o. What is the tens digit of b?
3
Suppose -9 = 3*f, 4*w + 5*f + 1 = 2. Suppose 3*y + y + 1459 = 5*n, w*n = y + 1176. What is the units digit of n?
5
Let m be (-2)/(-8) + (-226)/8. Let q = 31 + m. Suppose -3*b - o = -201, 43 = -3*b + q*o + 232. What is the tens digit of b?
6
What is the tens digit of (-40)/(-18)*210 - 28/42?
6
Let i = -6069 + 12760. Suppose -2*f - 3*f - 3*k + i = 0, -f + 3*k + 1349 = 0. What is the hundreds digit of f?
3
Suppose 4*h - 844 = 36. Suppose -230*c + 20 = -h*c. What is the units digit of c?
2
Let w be 0 - -2391 - 3 - (3 + -3). Suppose -w = -6*f - 0*f. What is the tens digit of f?
9
Let o = 120 - -87. Let x = o + 12. What is the hundreds digit of x?
2
Suppose -3*v + 38 = -34. Let m(p) = -19*p - 18. Let s be m(v). Let i = -321 - s. What is the units digit of i?
3
Suppose -g + 13 = 10. Suppose 6*x - g*x = 12. Suppose 3*y + 8 = -4*a, 0 = 3*y + a - x*a - 27. What is the units digit of y?
4
Let u be (1/(-2))/(29/(-26564)). Let g = u - 282. What is the tens digit of g?
7
Suppose 12 = -3*x, 0 = -h - 2*x - 0*x - 9. Let k be 139/1 - (h*16)/(-4). Let n = 34 + k. What is the units digit of n?
9
What is the tens digit of -14*(0/36 - 2/(-5))*-12385?
5
Let i = 3399 + -2099. What is the tens digit of i*(44/(-8))/(-11)?
5
Suppose 48 + 17 = 5*o + 2*k, -52 = -4*o + k. Let n(v) = 53*v - 83. What is the tens digit of n(o)?
0
Suppose -9*a - 2 = -20. Suppose 5*h + 8462 = a*x, 2378 + 4395 = -4*h + 5*x. What is the tens digit of (6/12)/((-3)/h)?
8
Suppose 4*k + 650 = 454. What is the units digit of (5 - (4 - -8))*2730/k?
0
Let r(m) be the second derivative of -113*m**5/20 + m**4/6 - m**2/2 - 39*m. What is the hundreds di